{"id":24890,"date":"2020-05-20T09:03:31","date_gmt":"2020-05-20T14:03:31","guid":{"rendered":"https:\/\/prcp.com.pe\/?post_type=asociados&#038;p=24890"},"modified":"2025-01-07T10:38:39","modified_gmt":"2025-01-07T15:38:39","slug":"ivy-garcia-pacheco","status":"publish","type":"senior-expert","link":"https:\/\/prcp.com.pe\/en\/senior-expert\/ivy-garcia-pacheco\/","title":{"rendered":"Ivy Garc\u00eda-Pacheco"},"content":{"rendered":"<p>Ivy is a Senior Expert of the firm, specializing in taxation.<\/p>\n<p>She has experience in providing taxation advice for domestic and foreign companies, and individuals. She also has experience in tax audits and procedures before the Peruvian Tax Authorities, as well as tax return reviews.<\/p>\n","protected":false},"featured_media":10755,"template":"","class_list":["post-24890","senior-expert","type-senior-expert","status-publish","has-post-thumbnail","hentry"],"acf":[],"yoast_head":"<!-- This site is optimized with the Yoast SEO plugin v27.0 - https:\/\/yoast.com\/product\/yoast-seo-wordpress\/ -->\n<title>Ivy Garc\u00eda-Pacheco - Payet, Rey, Cauvi, P\u00e9rez<\/title>\n<meta name=\"description\" content=\"Ivy is a Senior Expert of the firm, specializing in taxation. She has experience in providing taxation advice for domestic and foreign companies, and\" \/>\n<meta name=\"robots\" content=\"index, follow, max-snippet:-1, max-image-preview:large, max-video-preview:-1\" \/>\n<link rel=\"canonical\" href=\"https:\/\/prcp.com.pe\/en\/senior-expert\/ivy-garcia-pacheco\/\" \/>\n<meta property=\"og:locale\" content=\"en_US\" \/>\n<meta property=\"og:type\" content=\"article\" \/>\n<meta property=\"og:title\" content=\"Ivy Garc\u00eda-Pacheco - Payet, Rey, Cauvi, P\u00e9rez\" \/>\n<meta property=\"og:description\" content=\"Ivy is a Senior Expert of the firm, specializing in taxation. She has experience in providing taxation advice for domestic and foreign companies, and\" \/>\n<meta property=\"og:url\" content=\"https:\/\/prcp.com.pe\/en\/senior-expert\/ivy-garcia-pacheco\/\" \/>\n<meta property=\"og:site_name\" content=\"Payet, Rey, Cauvi, P\u00e9rez\" \/>\n<meta property=\"article:publisher\" content=\"https:\/\/www.facebook.com\/prcpabogados\/\" \/>\n<meta property=\"article:modified_time\" content=\"2025-01-07T15:38:39+00:00\" \/>\n<meta property=\"og:image\" content=\"https:\/\/prcp.com.pe\/wp-content\/uploads\/2018\/11\/IVY-GARCIA2.gif\" \/>\n\t<meta property=\"og:image:width\" content=\"360\" \/>\n\t<meta property=\"og:image:height\" content=\"408\" \/>\n\t<meta property=\"og:image:type\" content=\"image\/gif\" \/>\n<meta name=\"twitter:card\" content=\"summary_large_image\" \/>\n<meta name=\"twitter:label1\" content=\"Est. reading time\" \/>\n\t<meta name=\"twitter:data1\" content=\"1 minute\" \/>\n<script type=\"application\/ld+json\" class=\"yoast-schema-graph\">{\"@context\":\"https:\/\/schema.org\",\"@graph\":[{\"@type\":\"WebPage\",\"@id\":\"https:\/\/prcp.com.pe\/en\/senior-expert\/ivy-garcia-pacheco\/\",\"url\":\"https:\/\/prcp.com.pe\/en\/senior-expert\/ivy-garcia-pacheco\/\",\"name\":\"Ivy Garc\u00eda-Pacheco - Payet, Rey, Cauvi, P\u00e9rez\",\"isPartOf\":{\"@id\":\"https:\/\/prcp.com.pe\/en\/#website\"},\"primaryImageOfPage\":{\"@id\":\"https:\/\/prcp.com.pe\/en\/senior-expert\/ivy-garcia-pacheco\/#primaryimage\"},\"image\":{\"@id\":\"https:\/\/prcp.com.pe\/en\/senior-expert\/ivy-garcia-pacheco\/#primaryimage\"},\"thumbnailUrl\":\"https:\/\/prcp.com.pe\/wp-content\/uploads\/2018\/11\/IVY-GARCIA2.gif\",\"datePublished\":\"2020-05-20T14:03:31+00:00\",\"dateModified\":\"2025-01-07T15:38:39+00:00\",\"description\":\"Ivy is a Senior Expert of the firm, specializing in taxation. She has experience in providing taxation advice for domestic and foreign companies, and\",\"breadcrumb\":{\"@id\":\"https:\/\/prcp.com.pe\/en\/senior-expert\/ivy-garcia-pacheco\/#breadcrumb\"},\"inLanguage\":\"en-US\",\"potentialAction\":[{\"@type\":\"ReadAction\",\"target\":[\"https:\/\/prcp.com.pe\/en\/senior-expert\/ivy-garcia-pacheco\/\"]}]},{\"@type\":\"ImageObject\",\"inLanguage\":\"en-US\",\"@id\":\"https:\/\/prcp.com.pe\/en\/senior-expert\/ivy-garcia-pacheco\/#primaryimage\",\"url\":\"https:\/\/prcp.com.pe\/wp-content\/uploads\/2018\/11\/IVY-GARCIA2.gif\",\"contentUrl\":\"https:\/\/prcp.com.pe\/wp-content\/uploads\/2018\/11\/IVY-GARCIA2.gif\",\"width\":360,\"height\":408,\"caption\":\"Ivy Garc\u00eda\"},{\"@type\":\"BreadcrumbList\",\"@id\":\"https:\/\/prcp.com.pe\/en\/senior-expert\/ivy-garcia-pacheco\/#breadcrumb\",\"itemListElement\":[{\"@type\":\"ListItem\",\"position\":1,\"name\":\"Portada\",\"item\":\"https:\/\/prcp.com.pe\/en\/\"},{\"@type\":\"ListItem\",\"position\":2,\"name\":\"Ivy Garc\u00eda-Pacheco\"}]},{\"@type\":\"WebSite\",\"@id\":\"https:\/\/prcp.com.pe\/en\/#website\",\"url\":\"https:\/\/prcp.com.pe\/en\/\",\"name\":\"Payet, Rey, Cauvi, P\u00e9rez\",\"description\":\"Payet, Rey, Cauvi, P\u00e9rez Abogados es uno de los estudios jur\u00eddicos l\u00edderes en el Per\u00fa, de reconocida experiencia y con una amplia trayectoria.\",\"publisher\":{\"@id\":\"https:\/\/prcp.com.pe\/en\/#organization\"},\"potentialAction\":[{\"@type\":\"SearchAction\",\"target\":{\"@type\":\"EntryPoint\",\"urlTemplate\":\"https:\/\/prcp.com.pe\/en\/?s={search_term_string}\"},\"query-input\":{\"@type\":\"PropertyValueSpecification\",\"valueRequired\":true,\"valueName\":\"search_term_string\"}}],\"inLanguage\":\"en-US\"},{\"@type\":\"Organization\",\"@id\":\"https:\/\/prcp.com.pe\/en\/#organization\",\"name\":\"Payet, Rey, Cauvi, P\u00e9rez Abogados\",\"url\":\"https:\/\/prcp.com.pe\/en\/\",\"logo\":{\"@type\":\"ImageObject\",\"inLanguage\":\"en-US\",\"@id\":\"https:\/\/prcp.com.pe\/en\/#\/schema\/logo\/image\/\",\"url\":\"https:\/\/prcp.com.pe\/wp-content\/uploads\/2018\/11\/logo-2.jpg\",\"contentUrl\":\"https:\/\/prcp.com.pe\/wp-content\/uploads\/2018\/11\/logo-2.jpg\",\"width\":459,\"height\":471,\"caption\":\"Payet, Rey, Cauvi, P\u00e9rez Abogados\"},\"image\":{\"@id\":\"https:\/\/prcp.com.pe\/en\/#\/schema\/logo\/image\/\"},\"sameAs\":[\"https:\/\/www.facebook.com\/prcpabogados\/\",\"https:\/\/www.linkedin.com\/company\/prc\/\",\"https:\/\/www.youtube.com\/channel\/UCbXFuuBk4-B26fdfYft3Oag\"]}]}<\/script>\n<!-- \/ Yoast SEO plugin. -->","yoast_head_json":{"title":"Ivy Garc\u00eda-Pacheco - Payet, Rey, Cauvi, P\u00e9rez","description":"Ivy is a Senior Expert of the firm, specializing in taxation. She has experience in providing taxation advice for domestic and foreign companies, and","robots":{"index":"index","follow":"follow","max-snippet":"max-snippet:-1","max-image-preview":"max-image-preview:large","max-video-preview":"max-video-preview:-1"},"canonical":"https:\/\/prcp.com.pe\/en\/senior-expert\/ivy-garcia-pacheco\/","og_locale":"en_US","og_type":"article","og_title":"Ivy Garc\u00eda-Pacheco - Payet, Rey, Cauvi, P\u00e9rez","og_description":"Ivy is a Senior Expert of the firm, specializing in taxation. She has experience in providing taxation advice for domestic and foreign companies, and","og_url":"https:\/\/prcp.com.pe\/en\/senior-expert\/ivy-garcia-pacheco\/","og_site_name":"Payet, Rey, Cauvi, P\u00e9rez","article_publisher":"https:\/\/www.facebook.com\/prcpabogados\/","article_modified_time":"2025-01-07T15:38:39+00:00","og_image":[{"width":360,"height":408,"url":"https:\/\/prcp.com.pe\/wp-content\/uploads\/2018\/11\/IVY-GARCIA2.gif","type":"image\/gif"}],"twitter_card":"summary_large_image","twitter_misc":{"Est. reading time":"1 minute"},"schema":{"@context":"https:\/\/schema.org","@graph":[{"@type":"WebPage","@id":"https:\/\/prcp.com.pe\/en\/senior-expert\/ivy-garcia-pacheco\/","url":"https:\/\/prcp.com.pe\/en\/senior-expert\/ivy-garcia-pacheco\/","name":"Ivy Garc\u00eda-Pacheco - Payet, Rey, Cauvi, P\u00e9rez","isPartOf":{"@id":"https:\/\/prcp.com.pe\/en\/#website"},"primaryImageOfPage":{"@id":"https:\/\/prcp.com.pe\/en\/senior-expert\/ivy-garcia-pacheco\/#primaryimage"},"image":{"@id":"https:\/\/prcp.com.pe\/en\/senior-expert\/ivy-garcia-pacheco\/#primaryimage"},"thumbnailUrl":"https:\/\/prcp.com.pe\/wp-content\/uploads\/2018\/11\/IVY-GARCIA2.gif","datePublished":"2020-05-20T14:03:31+00:00","dateModified":"2025-01-07T15:38:39+00:00","description":"Ivy is a Senior Expert of the firm, specializing in taxation. She has experience in providing taxation advice for domestic and foreign companies, and","breadcrumb":{"@id":"https:\/\/prcp.com.pe\/en\/senior-expert\/ivy-garcia-pacheco\/#breadcrumb"},"inLanguage":"en-US","potentialAction":[{"@type":"ReadAction","target":["https:\/\/prcp.com.pe\/en\/senior-expert\/ivy-garcia-pacheco\/"]}]},{"@type":"ImageObject","inLanguage":"en-US","@id":"https:\/\/prcp.com.pe\/en\/senior-expert\/ivy-garcia-pacheco\/#primaryimage","url":"https:\/\/prcp.com.pe\/wp-content\/uploads\/2018\/11\/IVY-GARCIA2.gif","contentUrl":"https:\/\/prcp.com.pe\/wp-content\/uploads\/2018\/11\/IVY-GARCIA2.gif","width":360,"height":408,"caption":"Ivy Garc\u00eda"},{"@type":"BreadcrumbList","@id":"https:\/\/prcp.com.pe\/en\/senior-expert\/ivy-garcia-pacheco\/#breadcrumb","itemListElement":[{"@type":"ListItem","position":1,"name":"Portada","item":"https:\/\/prcp.com.pe\/en\/"},{"@type":"ListItem","position":2,"name":"Ivy Garc\u00eda-Pacheco"}]},{"@type":"WebSite","@id":"https:\/\/prcp.com.pe\/en\/#website","url":"https:\/\/prcp.com.pe\/en\/","name":"Payet, Rey, Cauvi, P\u00e9rez","description":"Payet, Rey, Cauvi, P\u00e9rez Abogados es uno de los estudios jur\u00eddicos l\u00edderes en el Per\u00fa, de reconocida experiencia y con una amplia trayectoria.","publisher":{"@id":"https:\/\/prcp.com.pe\/en\/#organization"},"potentialAction":[{"@type":"SearchAction","target":{"@type":"EntryPoint","urlTemplate":"https:\/\/prcp.com.pe\/en\/?s={search_term_string}"},"query-input":{"@type":"PropertyValueSpecification","valueRequired":true,"valueName":"search_term_string"}}],"inLanguage":"en-US"},{"@type":"Organization","@id":"https:\/\/prcp.com.pe\/en\/#organization","name":"Payet, Rey, Cauvi, P\u00e9rez Abogados","url":"https:\/\/prcp.com.pe\/en\/","logo":{"@type":"ImageObject","inLanguage":"en-US","@id":"https:\/\/prcp.com.pe\/en\/#\/schema\/logo\/image\/","url":"https:\/\/prcp.com.pe\/wp-content\/uploads\/2018\/11\/logo-2.jpg","contentUrl":"https:\/\/prcp.com.pe\/wp-content\/uploads\/2018\/11\/logo-2.jpg","width":459,"height":471,"caption":"Payet, Rey, Cauvi, P\u00e9rez Abogados"},"image":{"@id":"https:\/\/prcp.com.pe\/en\/#\/schema\/logo\/image\/"},"sameAs":["https:\/\/www.facebook.com\/prcpabogados\/","https:\/\/www.linkedin.com\/company\/prc\/","https:\/\/www.youtube.com\/channel\/UCbXFuuBk4-B26fdfYft3Oag"]}]}},"_links":{"self":[{"href":"https:\/\/prcp.com.pe\/en\/wp-json\/wp\/v2\/senior-expert\/24890","targetHints":{"allow":["GET"]}}],"collection":[{"href":"https:\/\/prcp.com.pe\/en\/wp-json\/wp\/v2\/senior-expert"}],"about":[{"href":"https:\/\/prcp.com.pe\/en\/wp-json\/wp\/v2\/types\/senior-expert"}],"wp:featuredmedia":[{"embeddable":true,"href":"https:\/\/prcp.com.pe\/en\/wp-json\/wp\/v2\/media\/10755"}],"wp:attachment":[{"href":"https:\/\/prcp.com.pe\/en\/wp-json\/wp\/v2\/media?parent=24890"}],"curies":[{"name":"wp","href":"https:\/\/api.w.org\/{rel}","templated":true}]}}

Ivy García-Pacheco

<!-- This site is optimized with the Yoast SEO plugin v27.0 - https://yoast.com/product/yoast-seo-wordpress/ -->
<title>Ivy García-Pacheco - Payet, Rey, Cauvi, Pérez</title>
<meta name="description" content="Ivy is a Senior Expert of the firm, specializing in taxation. She has experience in providing taxation advice for domestic and foreign companies, and" />
<meta name="robots" content="index, follow, max-snippet:-1, max-image-preview:large, max-video-preview:-1" />
<link rel="canonical" href="https://prcp.com.pe/en/senior-expert/ivy-garcia-pacheco/" />
<meta property="og:locale" content="en_US" />
<meta property="og:type" content="article" />
<meta property="og:title" content="Ivy García-Pacheco - Payet, Rey, Cauvi, Pérez" />
<meta property="og:description" content="Ivy is a Senior Expert of the firm, specializing in taxation. She has experience in providing taxation advice for domestic and foreign companies, and" />
<meta property="og:url" content="https://prcp.com.pe/en/senior-expert/ivy-garcia-pacheco/" />
<meta property="og:site_name" content="Payet, Rey, Cauvi, Pérez" />
<meta property="article:publisher" content="https://www.facebook.com/prcpabogados/" />
<meta property="article:modified_time" content="2025-01-07T15:38:39+00:00" />
<meta property="og:image" content="https://prcp.com.pe/wp-content/uploads/2018/11/IVY-GARCIA2.gif" />
	<meta property="og:image:width" content="360" />
	<meta property="og:image:height" content="408" />
	<meta property="og:image:type" content="image/gif" />
<meta name="twitter:card" content="summary_large_image" />
<meta name="twitter:label1" content="Est. reading time" />
	<meta name="twitter:data1" content="1 minute" />
<script type="application/ld+json" class="yoast-schema-graph">{"@context":"https://schema.org","@graph":[{"@type":"WebPage","@id":"https://prcp.com.pe/en/senior-expert/ivy-garcia-pacheco/","url":"https://prcp.com.pe/en/senior-expert/ivy-garcia-pacheco/","name":"Ivy García-Pacheco - Payet, Rey, Cauvi, Pérez","isPartOf":{"@id":"https://prcp.com.pe/en/#website"},"primaryImageOfPage":{"@id":"https://prcp.com.pe/en/senior-expert/ivy-garcia-pacheco/#primaryimage"},"image":{"@id":"https://prcp.com.pe/en/senior-expert/ivy-garcia-pacheco/#primaryimage"},"thumbnailUrl":"https://prcp.com.pe/wp-content/uploads/2018/11/IVY-GARCIA2.gif","datePublished":"2020-05-20T14:03:31+00:00","dateModified":"2025-01-07T15:38:39+00:00","description":"Ivy is a Senior Expert of the firm, specializing in taxation. She has experience in providing taxation advice for domestic and foreign companies, and","breadcrumb":{"@id":"https://prcp.com.pe/en/senior-expert/ivy-garcia-pacheco/#breadcrumb"},"inLanguage":"en-US","potentialAction":[{"@type":"ReadAction","target":["https://prcp.com.pe/en/senior-expert/ivy-garcia-pacheco/"]}]},{"@type":"ImageObject","inLanguage":"en-US","@id":"https://prcp.com.pe/en/senior-expert/ivy-garcia-pacheco/#primaryimage","url":"https://prcp.com.pe/wp-content/uploads/2018/11/IVY-GARCIA2.gif","contentUrl":"https://prcp.com.pe/wp-content/uploads/2018/11/IVY-GARCIA2.gif","width":360,"height":408,"caption":"Ivy García"},{"@type":"BreadcrumbList","@id":"https://prcp.com.pe/en/senior-expert/ivy-garcia-pacheco/#breadcrumb","itemListElement":[{"@type":"ListItem","position":1,"name":"Portada","item":"https://prcp.com.pe/en/"},{"@type":"ListItem","position":2,"name":"Ivy García-Pacheco"}]},{"@type":"WebSite","@id":"https://prcp.com.pe/en/#website","url":"https://prcp.com.pe/en/","name":"Payet, Rey, Cauvi, Pérez","description":"Payet, Rey, Cauvi, Pérez Abogados es uno de los estudios jurídicos líderes en el Perú, de reconocida experiencia y con una amplia trayectoria.","publisher":{"@id":"https://prcp.com.pe/en/#organization"},"potentialAction":[{"@type":"SearchAction","target":{"@type":"EntryPoint","urlTemplate":"https://prcp.com.pe/en/?s={search_term_string}"},"query-input":{"@type":"PropertyValueSpecification","valueRequired":true,"valueName":"search_term_string"}}],"inLanguage":"en-US"},{"@type":"Organization","@id":"https://prcp.com.pe/en/#organization","name":"Payet, Rey, Cauvi, Pérez Abogados","url":"https://prcp.com.pe/en/","logo":{"@type":"ImageObject","inLanguage":"en-US","@id":"https://prcp.com.pe/en/#/schema/logo/image/","url":"https://prcp.com.pe/wp-content/uploads/2018/11/logo-2.jpg","contentUrl":"https://prcp.com.pe/wp-content/uploads/2018/11/logo-2.jpg","width":459,"height":471,"caption":"Payet, Rey, Cauvi, Pérez Abogados"},"image":{"@id":"https://prcp.com.pe/en/#/schema/logo/image/"},"sameAs":["https://www.facebook.com/prcpabogados/","https://www.linkedin.com/company/prc/","https://www.youtube.com/channel/UCbXFuuBk4-B26fdfYft3Oag"]}]}</script>
<!-- / Yoast SEO plugin. -->

Ivy García-Pacheco - Payet, Rey, Cauvi, Pérez

Payet, Rey, Cauvi, Pérez

Ivy García

Payet, Rey, Cauvi, Pérez Abogados es uno de los estudios jurídicos líderes en el Perú, de reconocida experiencia y con una amplia trayectoria.

Payet, Rey, Cauvi, Pérez Abogados
